t z = q + w. Is z a prime number?
True
Let w = 66 - 47. Is w prime?
True
Let d(s) = -3*s. Let t be d(-1). Suppose -t*i = -5*a - 864, 4*a - 341 = -3*i + 550. Is i prime?
True
Suppose 2*x = -x + 195. Let p = x - -44. Is p a prime number?
True
Suppose 2*r - 4*p - 1058 = 0, 294 = -3*r + 4*p + 1879. Is r composite?
True
Suppose 3*x - 6*x + 45 = 0. Is x a prime number?
False
Let u = 72 + 55. Is u prime?
True
Let c(s) = s**2 - 2*s. Let z be c(3). Suppose -z*k - g = -0*g - 158, 0 = 3*k - g - 148. Is k a prime number?
False
Suppose 5*q - 1286 = 3*p, -2*q - q - p + 780 = 0. Is q prime?
False
Is -3*(11452/12)/(-7) composite?
False
Let g(z) = 19*z**3 + z**2 + 8*z - 3. Is g(5) a prime number?
True
Is -1*(-1 + 5 - 243) a composite number?
False
Let q = 1350 + -661. Is q prime?
False
Suppose 0 = -z + 4, -1 = -4*r - 4*z - 9. Let u be (2 - 14/6)*r. Suppose -t + 21 = u. Is t prime?
True
Is (3 - (-2 - -2)) + 248 composite?
False
Let z = -1689 - -2374. Is z prime?
False
Let m(f) = -f**3 + 6*f**2 - 6*f - 12. Is m(-5) composite?
False
Let r(q) = 4*q**3 - 2*q**2 - 5*q + 2. Let o(v) = v**3 + v**2 - v + 1. Let l(f) = 3*o(f) - r(f). Is l(-3) composite?
False
Let o(y) = 5*y - 5. Let m be o(5). Suppose 0 = 2*j - m - 24. Is j a composite number?
True
Let j be 1 + 2 + 3 + -4. Suppose j*a - 184 = 130. Is a a prime number?
True
Let j(v) = 8*v**2 - 2*v + 5. Let k = 10 - 13. Is j(k) a composite number?
False
Let y = 1203 + 482. Is y a composite number?
True
Suppose 13 - 4 = -3*c. Let h = c + 7. Suppose 0 = -h*l - 2*j + 78, j = -3*j + 4. Is l composite?
False
Let r(h) = 11*h**2 + 10*h - 11. Is r(10) a composite number?
True
Let x(l) = 3*l - 2*l**2 - 1 + 3 + 0*l**2. Let q be x(3). Let r(j) = -2*j - 7. Is r(q) composite?
False
Let b(a) = -a**3 + 2*a**2 + a + 2. Let v be b(2). Suppose -v*u + 10 = 26, -3*c + 115 = -4*u. Is c composite?
True
Let s = -1 - -2. Let n = -379 - s. Is (1/2)/((-2)/n) a composite number?
True
Is 1/(3 + 2918/(-973)) prime?
False
Let g = 316 - 106. Let a = g + 13. Is a a prime number?
True
Let p(s) = -8*s**3 + 3*s**2 - 4*s - 2. Is p(-3) prime?
False
Let h = 1182 - 701. Is h prime?
False
Let w = 9 + -10. Is (-1)/((3 + w)/(-326)) prime?
True
Suppose -2*m + n + 3*n = -1672, 3*m = -4*n + 2538. Let v be -1*(1 - 3) + m. Suppose v = 5*q - q + f, -3*q + 633 = f. Is q a composite number?
False
Let t(n) = 108*n - 5. Is t(2) a prime number?
True
Let z be -3*(-8)/15*10. Is 4/z*998*2 a prime number?
True
Is (4/(-8))/(3/(-1164)) a composite number?
True
Is (-3688)/(-5) + 3/(-5) a composite number?
True
Let k be (3/2)/((-6)/16). Let r(g) = 71*g - 23. Let m(v) = -35*v + 11. Let b(h) = 13*m(h) + 6*r(h). Is b(k) a prime number?
False
Is (-4 - -5)/1*265 prime?
False
Let i(u) = -4*u**3 - 8*u**2 + 3*u - 6. Is i(-7) a composite number?
False
Let c be ((-100)/(-6))/(1/(-3)). Is (-2)/2*(-3 + c) prime?
True
Suppose -3*m = -i + m + 491, 4*i + 4*m - 1964 = 0. Is i prime?
True
Let d be (-1 + -292 - -2)*-10. Let v be (d/9)/(-2)*-3. Suppose -5*p = -5*s + 485, -7*s + 2*s - 4*p = -v. Is s a composite number?
False
Let z be 14/2*(-2)/(-2). Suppose 371 = -z*k + 8*k. Is k a composite number?
True
Suppose 2*i = -8, v - 617 - 1844 = 2*i. Is v a prime number?
False
Let z(x) = 3*x**2 + x - 1. Let w(s) = -s + 11. Let b be (-56)/(-9) + (-2)/9. Let o be w(b). Is z(o) composite?
False
Suppose m + 5*b = 10, -5*m + 29 = -b + 5*b. Suppose -4*f = -4*h - 240, 4*h + 302 = m*f - 0*h. Suppose 5*d = -12 + f. Is d prime?
False
Suppose 2*z - 912 = b, 2*z + 2*b = 630 + 288. Is z composite?
False
Let k(g) = -g**3 + 6*g**2 + 9*g - 1. Is k(-7) composite?
True
Let i be (1 - 3)/(1 - -1). Is (-1)/i*53*7 a prime number?
False
Suppose 3*c + 6 - 66 = 0. Suppose -c = -2*k + 6. Let t = 26 - k. Is t a composite number?
False
Let p(k) = 5*k**3 - k**2 + 2*k - 1. Let a(h) = -h**3 + 4*h**2 + 4*h + 6. Let n be a(5). Let q be p(n). Is (0 + -3)/((-1)/q) prime?
False
Let w(k) = -k**2 - 5. Let z be w(0). Let s = -2 - z. Suppose -r - 6*f + 50 = -7*f, -54 = -r - s*f. Is r a composite number?
True
Suppose 4*t = -0*t - 4. Let d(s) = 36*s**2 - s. Is d(t) a composite number?
False
Is (335/20)/((-1)/(-20)) prime?
False
Is (-1918)/(-10) + 20/(-25) a composite number?
False
Let n(w) = -2*w**2 + w + 161. Let j be n(0). Let h(l) = -l**3 + 4*l**2 + 5*l. Let z be h(5). Suppose z*x + j = x. Is x composite?
True
Let u = -11 - 1. Let b be (-41)/(-3) + (-4)/u. Suppose g - 37 = b. Is g prime?
False
Let r = -7 - -12. Suppose -341 = -5*m - 5*y + 144, -r*m + 3*y + 469 = 0. Is m a prime number?
False
Let s = 9 - 2. Suppose 50 = -s*y + 9*y. Is y a prime number?
False
Let b = 10 + -6. Suppose t - 3*t = 4*a + 8, 2*a = -b*t - 10. Is (15/(-2))/(a/2) composite?
True
Let s = -4 - -6. Suppose -s*o = o. Suppose o*y + 5*y = 285. Is y composite?
True
Let a be -4*1*(-340)/16. Suppose -3*v + 10 - a = 0. Is (-1)/2*v*2 a prime number?
False
Is -5*(978/(-5))/6 prime?
True
Suppose -6*w + 1752 = -2*w + 2*o, 1315 = 3*w + 2*o. Is w a prime number?
False
Let p(y) = -410*y**3 - y**2 + 5*y + 5. Is p(-2) a composite number?
False
Let g(p) = 4*p**2 - 2*p - 19. Is g(-8) a prime number?
False
Let o(a) be the second derivative of 13*a**3/6 - 11*a**2/2 + a. Is o(12) a composite number?
True
Suppose 165 + 55 = 4*u. Is u a composite number?
True
Suppose -4*w + 4 = 28. Is (-15)/6*w/5 prime?
True
Let a(s) = s**3 - 3*s**2 - 4*s - 1. Let c = -7 + 11. Let l be a(c). Let n = 4 + l. Is n prime?
True
Let b = 117 - -6. Is b a prime number?
False
Let p(o) = -8*o**3 - 2*o**2 + 3*o + 5. Is p(-2) prime?
False
Let o(w) = -32*w + 4. Let v(r) = 33*r - 4. Let y(p) = 6*o(p) + 7*v(p). Is y(5) composite?
False
Suppose -p - 5*h + 144 = -112, 4*h = p - 247. Is p a composite number?
False
Suppose 5*q - 17 - 3 = 0. Suppose -3 + 0 = -p. Suppose -17 = -p*n + 2*u + 22, 3*u + 51 = q*n. Is n a composite number?
True
Let m(p) = 4*p**2 - 8*p - 1. Is m(-10) prime?
True
Let q = 136 - -415. Is q a prime number?
False
Let q(j) = 3*j**2 - 3*j - 11. Is q(8) a composite number?
False
Suppose -2*u + 7*u = 3*y - 8, 0 = 4*y - 3*u + 4. Let o = -4 + 11. Let g = o + y. Is g composite?
False
Let k(x) = 7*x**2 - x + 13. Is k(-10) a composite number?
True
Let v be (-3)/(-3) - (1 - -1). Let f(p) = -5*p**3 - 2*p**2 - p. Let t be f(v). Suppose -5*z + 3*w + 444 = -z, 0 = -4*z + t*w + 444. Is z a composite number?
True
Suppose -2*f = -w + 45, -4*w + 167 = -w + 2*f. Is w prime?
True
Let h(u) = -u + 2. Let k be h(0). Suppose -k*q + 153 = 3*v, 2*v = v + 3*q + 62. Is v prime?
True
Let w(m) be the first derivative of -m**4/12 - 7*m**3/6 + 7*m**2/2 + m + 1. Let h(d) be the first derivative of w(d). Is h(-6) a prime number?
True
Suppose 0 = -r + 578 + 918. Suppose 5*z - 149 = r. Is z a prime number?
False
Suppose 0 = 5*v + 12*v - 3961. Is v composite?
False
Suppose -153 = -5*g + 37. Suppose -4*h = 58 + g. Let l = 43 + h. Is l composite?
False
Suppose 5*i - 745 = -d - 4*d, d - 2*i - 137 = 0. Is d prime?
False
Let q be 3*2/12*0. Suppose q = -4*b + 3*b + 2. Suppose b*f + 16 = 6*f. Is f composite?
True
Let n(m) = 262*m - 30. Is n(4) composite?
True
Let i = -137 + 213. Suppose 0*n - 4*n + i = 0. Is n composite?
False
Let n = -3 - -8. Suppose -n*o = -0*o + 15. Is (2/(-4))/(o/678) a composite number?
False
Suppose 76 = 2*x - 0*d - 2*d, -3*x - 2*d + 139 = 0. Is x prime?
True
Let j(f) be the third derivative of f**6/120 + f**5/12 - f**4/3 + f**3/6 + 5*f**2. Suppose 0 = 2*g + 8 + 4. Is j(g) composite?
False
Suppose 3*i - 124 = -z, -7*i + 4*z + 218 = -2*i. Suppose -3*w - i = -o - 0*w, 4*o - w = 124. Suppose 0 = -3*l + 5*f + 2, -5*l = 5*f - 8*f - o. Is l prime?
False
Suppose -y = 4*y - 1370. Is y a composite number?
True
Suppose -n + 0*n = -4*b + 76, 0 = 5*b - 2*n - 92. Suppose -4*v + 0*v = b, 4*r - v = 1681. Is r prime?
True
Is (0 - 0) + 222115/31 a prime number?
False
Let h be ((-2)/(-1))/((-4)/(-6)). Let a(o) = o**3 - 7*o**2 + 3. Let k be a(h). Let j = -8 - k. Is j prime?
False
Let i(k) = -32*k + 59. Is i(-9) a composite number?
False
Let p be 12/(-4) + 2 - -118. Suppose 150 = 5*h - 0*y - 5*y, -4*h + p = -5*y. Is h a prime number?
False
Suppose 0 = -2*b + 1 - 5. Let r(j) be the second derivative of -j**3/2 - 3*j**2/2 + 6*j. Is r(b) a composite number?
False
Suppose 17*j - 1295 = 10*j. Is j a prime number?
False
Let g(h) = h**3 + 14*h**2 + 5. Let w